uppose 3 = 2*j - i*j, -n = 5*j + 2. Let p(a) = -n*a - 94*a**2 + 95*a**2 - 2*a - 6. Give p(6).
0
Let i(l) = l + 10. Let z be i(-8). Suppose 0 = -z*y + 3*y. Suppose -3*w - 3 + 0 = y. Let q(k) = -4*k**2 + k. What is q(w)?
-5
Let m(y) = 2*y - 30. Let p be m(19). Let a(z) = z. Let r be a(p). Let d(t) = -t + 8. Give d(r).
0
Let f(a) be the third derivative of -a**2 - 5/6*a**3 + 0*a + 1/12*a**4 + 0. Determine f(-5).
-15
Let i(b) = -16*b**3. Let r(p) = p**2 + 8*p + 21. Let j be r(-9). Let s = j + -36. Let m = 5 + s. Determine i(m).
16
Let i(l) = -8*l**3 - 33*l**2 + 46*l + 22. Let a(q) = 5*q**3 + 17*q**2 - 23*q - 10. Let j(n) = -5*a(n) - 3*i(n). Calculate j(12).
-4
Suppose 8*p + 78 = 47*p. Let g(r) = -3*r**3 + r**2 + 5*r - 2. What is g(p)?
-12
Suppose 230*i - 143 = 217*i. Let z(a) = -a**3 + 13*a**2 - 22*a - 9. Determine z(i).
-9
Let j(t) = 2*t - 3. Let z be j(4). Suppose -z*g = -4*c + 61, c - g - 16 = -2. Suppose 0 + c = -3*x. Let r(l) = -l**3 - 4*l**2 - 2*l + 4. Calculate r(x).
1
Let i(d) = -d**2 - 10*d - 5. Let g(a) = 3*a**2 + 31*a + 15. Let m(f) = -2*g(f) - 7*i(f). Suppose -6*s - 102 = 11*s. Calculate m(s).
-7
Let w(u) = u + 5. Let f be (-12)/(-1 + -3) - 0. Suppose v - 18 = -0*v + 4*d, -4*d - 26 = -5*v. Suppose n + v = -f. Calculate w(n).
0
Let d(b) = -b**2 + 7*b - 2. Suppose 5*z + 5*j - 60 = 0, -j + 32 = 3*z + 4. Let u be -4*(-3)/((-12)/z). Let h be (1 + u)*(-6)/7. What is d(h)?
4
Let d be -2*(-177 - (1 - 0)). Let q(p) = 341*p**3 + 1 + p**2 - d*p**3 + 0*p**2 + p. Calculate q(-1).
16
Let n = -13 + 15. Suppose -2*o + n = -2. Let y(l) = -3*l**2 + 3*l**o + 11*l + l**2 - 4*l. What is y(-7)?
0
Let z(c) be the third derivative of c**5/60 + c**4/4 - 13*c**3/6 - 16*c**2. What is z(-7)?
-6
Let w(n) be the second derivative of n**5/10 + n**4/3 + n**3/2 - n**2 - 385*n. Calculate w(-2).
-8
Suppose 8*m - 9*m + 7 = 0. Let w(r) = -4*r + 2*r**2 - r - 6*r**3 + 1 + 2*r + m*r**3. What is w(-3)?
1
Let b(x) = 6714 - x - 6714 - x**2. Calculate b(-1).
0
Let z(w) = -w**3 + w**2 - 6*w - 1. Let b(d) = -d**2 + 51*d - 144. Let r be b(48). Give z(r).
-1
Let k be (-6)/39 + 56/26. Suppose -5*u + 2*f = 14, -f = -k*u - 3*f - 14. Let j(n) be the first derivative of n**2/2 + 4*n - 2. Calculate j(u).
0
Let q(o) = 15*o - 1 - 11*o + 7 + 0*o**2 - o**2. Determine q(6).
-6
Let l(k) = -7*k - k - 4*k + 12*k**2 - 13*k**2 - 7. What is l(-5)?
28
Suppose j - 2*j = 10. Let n = 9 + j. Let o(r) be the second derivative of -r**3/6 + r**2/2 - 3*r. Calculate o(n).
2
Suppose -282 + 74 = -16*f. Let l(k) = -4*k + 53. What is l(f)?
1
Let z(g) be the second derivative of -g**5/20 - g**4/2 + 5*g**3/6 - 3*g**2/2 - g. Let j = -16307 + 16300. Determine z(j).
11
Let g = -1339 + 1344. Let p(n) = -3*n + 13. What is p(g)?
-2
Suppose y - 3*g = 0, 2*y - 4*y + 3*g - 12 = 0. Let x be (-2)/(((-2)/y)/(1/2)). Let r(q) = 2*q - 2. Calculate r(x).
-14
Let b(h) = -2*h**2 + 16*h - 23. Let g(i) = -i**2 + 1. Let n(j) = -8*j + 13. Let w(u) = g(u) - n(u). Let a(z) = -6*b(z) + 11*w(z). Give a(7).
-1
Let g(n) = n**3 + n**2 + n. Let d(v) = 3*v**3 + 2*v**2 + 3*v + 1. Let q(w) = -2*d(w) + 5*g(w). Suppose 0 = 78*o - 71*o - 14. Determine q(o).
-8
Suppose -3*u - 18 + 33 = 0. Let v(m) = -u - 5 + 14 - 2*m**2 + 3*m**2 - 2*m. Determine v(3).
7
Let f(x) = -4*x**3 - 2*x**2 + 1. Let c(i) = i + 5. Suppose 121 + 11 = -3*t. Let u be 272/t + (-6)/(-33). Let o be c(u). Determine f(o).
3
Let z(q) = -8*q - 3. Let o(a) = -a**2 - 14*a - 41. Let k be o(-4). Determine z(k).
5
Let l(v) be the third derivative of v**4/8 + 5*v**3/6 - 28*v**2. Let m = 6 + -10. Determine l(m).
-7
Let o(s) = -s**3 - 4*s**2 + 6*s + 6. Let f be (-2)/8 + 85/20. Let m be (-126)/24 - (-1)/f. Determine o(m).
1
Let w(a) = 8*a + 1. Suppose -38*r + 42*r = 24. Suppose -16 + 10 = r*c. Determine w(c).
-7
Let s(d) be the second derivative of 1/6*d**3 + 1/20*d**5 + 0*d**2 + 0*d**4 + 0 + 7*d. Determine s(0).
0
Let w(g) = 5*g**2 + 10*g + 10. Suppose 0*l - 16 = -4*l. Let x(r) = -6*r**2 - 11*r - 11. Let d(j) = l*x(j) + 5*w(j). Suppose 2*c + 6 = c. Calculate d(c).
6
Suppose -5*u = 4*n - 6, -3*u + 4*u = 2*n + 4. Suppose -u*a = 3*a. Suppose 5*z = t + 2*t, a = z. Let h(g) = g**2 + g - 3. Determine h(t).
-3
Let y(z) = -2*z + 5*z**2 + 3 - 4439*z**3 + 4440*z**3 - 2*z. Give y(-6).
-9
Let b = -577 + 579. Let t(z) = -z**3 + 5*z**2 - 6*z + 2. What is t(b)?
2
Let r = -11/71 - -104/213. Let g(k) be the first derivative of 2*k**2 + r*k**3 - k + 6. Determine g(-4).
-1
Let n = 8 - 6. Suppose 4*z + 3*i - 8 = 0, n*z = -z - 3*i + 6. Let g(b) = 33 + z*b - 33. Calculate g(-2).
-4
Let h(x) be the second derivative of x**4/6 + 11*x**3/6 + x**2 - 352*x. Calculate h(-6).
8
Let m(k) = 3*k**2 + 2*k + 2. Let y be 2 + 9 + -13 - 0. Determine m(y).
10
Let i(s) be the third derivative of 21*s**2 + 0*s + 1/24*s**4 + 3/2*s**3 + 0. Suppose 2*v = -0*v. Calculate i(v).
9
Let f(b) = -4*b + 14. Let z(p) = -p**2 + 14*p + 21. Let r be z(15). Give f(r).
-10
Let d(l) = -2*l + 11. Let k be d(9). Let i = k - -7. Let a(c) be the second derivative of c**4/12 + 5*c**2/2 + c. Determine a(i).
5
Let k = 15 + -12. Let i(b) = 6*b**2 - k*b**2 + 5*b + 6 - 2*b**2 - 2. Give i(-3).
-2
Let i(l) be the second derivative of -l**4/24 - l**3/6 - 11*l**2/2 - 13*l. Let o(k) be the first derivative of i(k). Let u = 10 + -4. Determine o(u).
-7
Let r be 670/60 - ((-6)/3)/(-12). Let x(i) = -i**3 + 11*i**2 + i - 6. Give x(r).
5
Let x(j) = 159 - 325 - 2*j**2 + 164 + 2*j + 2*j. Let u(a) = -a - 1. Let o be u(-4). Give x(o).
-8
Let c(i) = i**3 + i**2 - 2*i + 1. Let n(y) = 5*y**3 + 6*y**2 - 12*y + 16. Let p(o) = -6*c(o) + n(o). What is p(0)?
10
Suppose 6*j + 3*j = 27. Let q be 32/5 - j/((-15)/(-2)). Let n(y) = 5*y**2 + y**3 + 6*y + 3 - 4*y**3 + 2*y**3. Give n(q).
3
Let b(j) be the second derivative of -j**6/120 + j**5/30 + j**4/4 - j**3 - 2*j**2 - 12*j. Let u(f) be the first derivative of b(f). Let o = 8 - 4. What is u(o)?
-14
Let h(a) be the second derivative of 5*a**3/6 - a**2/2 + a + 10. Suppose x - 2*x + 2 = 0. Let q(m) = -m**3 + 2*m**2 + m - 1. Let s be q(x). Calculate h(s).
4
Let w(v) = -v**2 + 2*v + 3. Let c(o) = -o**3 - 6*o**2 + 6. Let d be c(-6). Let x(n) = -2*n + 5*n**2 - 8*n**2 - 1 + d*n**2. Let y be x(-1). Calculate w(y).
-5
Suppose 0 = -3*h + 5*i - 13 + 2, 4*h - 5*i = -23. Let n be h/54 - 48/27. Let c(w) = 2*w + 2. Give c(n).
-2
Let c(h) = -h**2 - 20*h - 26. Suppose 4*f - 10*f - 114 = 0. Let l be c(f). Let y(r) = r**3 + 6*r**2 - 7*r - 7. Give y(l).
-7
Let d(s) = -s**3 - 20*s**2 + 45*s + 25. Let o be d(-22). Let i(a) be the third derivative of 0 + 0*a - 4*a**2 + 2*a**o + 1/24*a**4. Determine i(-6).
6
Let g(v) = -v + 1. Let t(j) = -7*j - 9. Let c(f) = -6*g(f) + t(f). Calculate c(-11).
-4
Suppose -5*i + 9*i + 180 = 0. Let q = i - -39. Let c(r) = -r**2 - 7*r + 1. Calculate c(q).
7
Let g(i) be the first derivative of 0*i - i**2 + 3 - 1/6*i**3 - 1/24*i**4. Let a(v) be the second derivative of g(v). Determine a(-7).
6
Let l(q) be the first derivative of 5*q**3/3 + q**2/2 - 2*q - 12. Determine l(1).
4
Let t be (1 - 2)/(2/(-4)). Let r(v) = 1 + 2 - 4 - v**t. Let l(u) = -u**2 + 2. Let x be l(2). Calculate r(x).
-5
Let c(z) = 71*z**2 - 8*z - 11. Let n(s) = -47*s**2 + 5*s + 7. Let d(j) = 5*c(j) + 8*n(j). Determine d(1).
-20
Let s(h) = -h**3 - 8*h**2 - 9*h - 3. Suppose 0 = -4*d + 8*d + 20, -4*i = 5*d + 49. What is s(i)?
-21
Let k(a) = -4*a - 4*a + a - 2*a - 3. Suppose -w - 3 - 4 = r, 3*w + 17 = -r. Calculate k(r).
15
Let c(t) = -t**3 + 6*t**2 + 9*t + 3. Let h = -52 - -52. Suppose 3*a + h*q + q = 24, 0 = -3*q + 9. What is c(a)?
17
Let c be 2/(5/(-20) - 3/12). Let k(x) = 5*x - 5. Give k(c).
-25
Let l(v) = -2*v**2 + 2*v + 5. Let x(j) = 3*j**2 - j - 6. Let o(k) = 5*l(k) + 4*x(k). Give o(-4).
9
Let z(i) = 224*i + 17 - 416*i - i**2 + 189*i. What is z(0)?
17
Let h = 20 + -14. Let m(u) = -8*u + 9. Let n(x) = -x. Let p(t) = -t**2 - 16*t - 27. Let r be p(-14). Let f(j) = r*m(j) - 6*n(j). Determine f(h).
-3
Let j(l) = -8*l + 15. Suppose -982 + 976 = -3*c. Give j(c).
-1
Let v(p) = -580*p**2 + 16 + 579*p**2 - 7 + 3*p + p. Determine v(4).
9
Suppose 3*l = 4*l + 3, -l = 4*u - 73. Let k(h) = h - 26. What is k(u)?
-7
Let i(l) = -13*l + 4. Let c be i(0). Let j(w) = -6*w - 5. Give j(c).
-29
Let t(i) = 21*i**2 + i - 1. Suppose 46 + 14 = 10*o. Let y(b) = 7*b - 41. Let f be y(o). What is